prime factors of k.
197
Let s(r) = 871*r**2 + 327*r + 2458. List the prime factors of s(-8).
2, 27793
Let t(y) be the third derivative of 1/30*y**5 + 1/6*y**3 + 11/60*y**6 - 1/12*y**4 + 0*y + 4*y**2 + 0. What are the prime factors of t(1)?
23
What are the prime factors of -19958*((-4)/(-2) + (-42)/12)?
3, 17, 587
Suppose -q = 2, q - 71 = 2*j - 3*j. Let x = j + -79. What are the prime factors of (-2)/6 + (-776)/x?
3, 43
Suppose -5*q + 29109 = -2*z - 70225, q - 19859 = 3*z. List the prime factors of q.
2, 4967
Let p(l) = 16*l - 51. Let a(m) = -16*m + 52. Let b(o) = 4*a(o) + 3*p(o). List the prime factors of b(-10).
5, 43
Suppose -2*x + 4108 + 1758 = l, 0 = -4*l - x + 23478. List the prime factors of l.
2, 5, 587
Let p = -7852 + 7970. Suppose -2*z + 5*a = -6, -3*a = -z + 6*z - 15. Suppose -g = z*f - p, 4*g + 3*f = 2*f + 439. List the prime factors of g.
109
Let l be (-1)/(2 + -1) + -3. Let p be (-2)/l*(-6 - -10). What are the prime factors of 128 + (-2 - -5 - (p + 3))?
2, 3, 7
Let q be (12/(-8))/((-2)/12). Suppose -q = -3*p + 2*p - 3*u, -5*p - u + 3 = 0. Suppose 3*g = p, -4*a = 3*g - 5*g - 452. List the prime factors of a.
113
Let b = 5809 - 2636. What are the prime factors of 120/220 + b/11?
17
Let l(q) = 4*q + 19. Let f(t) = t**2 + 9*t + 5. Let y be f(-7). Let b be l(y). What are the prime factors of b - -18 - 53*-1?
2, 3
Let a(h) be the first derivative of h**5/4 + 2*h**3/3 + h**2/2 + 33*h - 14. Let y(t) be the first derivative of a(t). What are the prime factors of y(3)?
2, 37
Suppose 16*b - 220890 - 164118 = 0. What are the prime factors of b?
3, 13, 617
Let w(r) = 288*r + 14. Let f be w(1). Suppose -3*s + 1177 = -f. What are the prime factors of s?
17, 29
Let t be (7 - 3) + 4*3/6. Suppose -4*w - 5 = u, w - 2 = -3*u + t*w. List the prime factors of (-5)/((-60)/42)*(-48)/u.
2, 3, 7
Suppose 2*a - 13 = 3*m, 0*m + m + 4*a - 19 = 0. List the prime factors of (-1379)/((m/(-2))/((-3)/6)).
7, 197
Let k(z) = -154*z - 47. Let t = -5 - -2. What are the prime factors of k(t)?
5, 83
Suppose 5 - 1 = -4*g, 5*l = g + 11. Suppose 0 = -m - 4*y + 718, -m - 5*y = l*m - 2126. What are the prime factors of m?
2, 3, 13
Let s be -3*((-16)/(-24) - 2). Suppose -4*b - 63*q = -62*q - 4056, -2*q - 4044 = -s*b. List the prime factors of b.
1013
Suppose 2*r = 3*v + 2, r = 5*v + 2*r + 12. Let n(d) be the third derivative of d**5/2 + 5*d**4/24 + 7*d**3/6 + 2*d**2. List the prime factors of n(v).
3, 13
Suppose -r + 2129 = 5*z, -8601 - 2084 = -5*r - 5*z. Suppose 5*l + 114 = b + r, 4*b - 1620 = -4*l. What are the prime factors of l?
3, 5
Suppose 3*h - 1850 - 1735 = -3*x, -4*x = 2*h - 4772. Suppose 0 = -4*r + x + 545. What are the prime factors of r?
2, 7, 31
Suppose y = 3*y - 52. Let f(n) = -2*n + 42 - y*n - n**2 + 0*n. What are the prime factors of f(-28)?
2, 3, 7
Suppose -2*g + 185478 - 33018 = 2*w, -2*w = 5*g - 381171. What are the prime factors of g?
7, 10891
Suppose 0 = 5*c + 770 + 1230. Let m = c + 768. What are the prime factors of m?
2, 23
Let o = -61 + 92. Let m = o + -25. What are the prime factors of (m*16/10)/(1/10)?
2, 3
Let i = 31111 + -20500. What are the prime factors of i?
3, 131
Let h(z) = 8*z**2 - 99*z - 2480. List the prime factors of h(-45).
5, 727
Let b(c) be the first derivative of -c**2 - 29*c + 20. Let l be b(-15). List the prime factors of (2 - (-2 - l))*99/5.
3, 11
Let j(l) = 1005*l + 6517. What are the prime factors of j(25)?
2, 13, 1217
List the prime factors of ((-12)/(-3) - 1776)/(0 - 2).
2, 443
Let s(r) = -3*r**2 - 30*r + 119. Let x(p) = 4*p**2 + 45*p - 179. Let f(a) = -7*s(a) - 5*x(a). What are the prime factors of f(30)?
2
Suppose 5*t - 18 = 12. Let c(l) = 2*l**2 - 13*l + 8. Let v be c(t). Let x = v - -40. List the prime factors of x.
2, 3, 7
Let q(c) be the third derivative of 3*c**4/2 + 79*c**3/6 - 18*c**2. Let h(d) = 7*d + 16. Let n(w) = -11*h(w) + 2*q(w). What are the prime factors of n(-7)?
17
Let c = 15271 - 9187. What are the prime factors of c?
2, 3, 13
Let a(b) = -b**3 + 122*b**2 + 14*b + 1639. List the prime factors of a(120).
32119
Let q(i) = -91*i - 19. Let x be q(3). What are the prime factors of 5/((-40)/x)*(5 - 1)?
2, 73
Let x(y) = 4*y - 2. Let j(k) = k + 1. Let z be j(4). Let f be x(z). Suppose 5*w - 6*w + f = 0. List the prime factors of w.
2, 3
Suppose -4*v = -25 + 29, 5*l = 3*v + 38893. List the prime factors of l.
2, 3889
Let z = 34058 - 23355. What are the prime factors of z?
7, 11, 139
Let d = -28197 - -40261. List the prime factors of d.
2, 13, 29
Suppose 0 = -u + 2*u + 3. What are the prime factors of (u + -2 - -318)/1?
313
Let t(y) = -4 - 12*y - 380*y**3 + 24*y - 8*y**2 - 15*y + 10*y**2. What are the prime factors of t(-1)?
3, 127
Suppose -2*a - 6705 - 118729 = -3*o, 0 = -2*o + a + 83625. What are the prime factors of o?
2, 5227
Let m(u) = 22*u**2 - 160*u - 19. What are the prime factors of m(15)?
2531
Suppose 1 = a, 4*a - 20 = -5*c + 9. Suppose c*x - x - 3005 = -5*q, 0 = q + 3*x - 590. List the prime factors of q.
5, 11
Let m(v) = -2008*v + 3*v**2 + 4*v**2 + v**3 - 78 - 6*v**2 + 2009*v. Let g be m(0). Let x = 170 + g. List the prime factors of x.
2, 23
Let n(w) = 2*w**3 + 30*w**2 + 13*w - 13. Let z be n(-14). Let g = 1111 + z. List the prime factors of g.
2, 3, 109
Let q = -9755 + 15753. List the prime factors of q.
2, 2999
Let r(h) = -h**3 + 10*h**2 - 15*h - 18. Let g be r(10). Let m be 2/6 + g/(-36). Suppose 0*a + 490 = 3*z + 2*a, a = -m*z + 819. List the prime factors of z.
2, 41
Suppose 0 = u - 5*w - 4476, -2*w - 486 - 4002 = -u. What are the prime factors of u?
2, 281
Let b(s) = -3*s - 25. Let d be b(-9). Suppose d*f = -58 + 20. What are the prime factors of 0/(-2) - (f*3)/1?
3, 19
Let h = 16517 - 12533. List the prime factors of h.
2, 3, 83
Let b(r) = r + 34. Suppose -18 - 7 = 5*t, 0 = 2*c - 4*t - 40. Let u(n) = -3*n - 68. Let a(l) = c*b(l) + 4*u(l). What are the prime factors of a(0)?
2, 17
Let p(u) = 2*u + 14. Let k be p(7). Let c be ((-72)/84)/(6/k*-1). What are the prime factors of (6/9)/(c/(2 - -1366))?
2, 3, 19
Let j be 25/6 - (-1)/(-6). What are the prime factors of (18/j + -3)*(-2688)/(-63)?
2
Let o(c) = -118*c + 26. What are the prime factors of o(-39)?
2, 13, 89
Let p be (-320)/(-55) - 2/(-11). Suppose -1324 - 116 = -p*k. List the prime factors of k.
2, 3, 5
Let l(z) be the second derivative of -3/2*z**2 - 37/6*z**3 + 0 + 24*z. List the prime factors of l(-3).
2, 3
Let h = -396 + 469. Let w = 21 - -6. Let x = h - w. List the prime factors of x.
2, 23
Let g(i) = 56*i - 33. Let w be g(18). Suppose -a + 1113 + w = 0. What are the prime factors of a/11 - -2*2/22?
2, 5, 19
Let f(d) be the first derivative of 53*d**2/2 + 18*d + 51. What are the prime factors of f(1)?
71
Suppose 5*j - v - 71666 = 0, 2*v + 3286 + 54042 = 4*j. List the prime factors of j.
2, 3, 2389
Let c(q) = -163*q + 14 - 91*q + 17 + 11 - 39. Let t = 5 - 6. List the prime factors of c(t).
257
Let z = 114 + -120. Let x be (2 - 1)/(14505/(-2418) - z). Let o = -525 + x. List the prime factors of o.
281
What are the prime factors of (-40)/3*877308/(-580)?
2, 2521
Let o = -36 + 62. Suppose -o*s + 7*s + 1862 = 0. List the prime factors of s.
2, 7
Suppose -5*o + 31310 = 3*t, -17*o + 13*o + 3*t = -25021. What are the prime factors of o?
11, 569
Let i(r) = -18*r**3 + 7*r**3 - r**2 + 9*r**3 + 10. Let l be i(-4). Suppose 16 = 2*o - l. List the prime factors of o.
3, 23
Let t(q) = 7 - 9 - q + 6 + 0. Let a be t(-1). Suppose a*h + o = -2*o + 202, 0 = -4*h + 3*o + 140. List the prime factors of h.
2, 19
Suppose 0 = 44*o - 106643 - 139493. What are the prime factors of o?
2, 2797
Let m(b) = 2*b**3 - 15*b**2 + 9*b + 9. Let p be m(7). Let f = -8 + p. Suppose -3*i = -f, -3*l - 4*i + 51 + 269 = 0. What are the prime factors of l?
2, 5
Suppose 3*b = n - 3575, -3*n + 2 = -13. Let o = b + 1728. List the prime factors of o.
2, 269
Let i = -71 - -78. Suppose -i*q + 390 - 54 = 0. What are the prime factors of q?
2, 3
Suppose -25 = -5*x - 5*l, -2*x - 8 = 5*l - 33. Suppose x*i + i - 222 = 0. What are the prime factors of i?
2, 3, 37
Let b(y) be the second derivative of y**5/20 + 17*y**4/12 + 10*y**3/3 + 5*y**2/2 - 3*y. Let j be (-65)/(-26)*((-48)/2)/4. What are the prime factors of b(j)?
5, 31
Let y(g) = 9*g + 12. Suppose -5*b = w - 3*b + 1, -w - b + 3 = 0. Let a b